s 8442209953 prime?
False
Is 611250391 a prime number?
False
Is 7543455071 a prime number?
True
Is 12817698085 prime?
False
Is 10183089737 a prime number?
True
Is 132011263 a prime number?
False
Is 4126732271 composite?
False
Is 11006459189 a composite number?
True
Is 3944004637 prime?
True
Is 55878047123 composite?
False
Is 2605965883 composite?
False
Is 569091491 a composite number?
False
Is 94159412603 composite?
False
Is 4570828357 a composite number?
False
Is 67180897 composite?
True
Is 1906924277 prime?
False
Is 123675079 prime?
False
Is 15245943781 composite?
True
Is 128561635807 composite?
True
Is 5260080739 a prime number?
False
Is 126238210039 a composite number?
False
Is 4102888249 prime?
False
Is 30598107317 a composite number?
True
Is 283018907 a composite number?
True
Is 81959569 composite?
False
Is 490330331 prime?
False
Is 5977997639 a prime number?
True
Is 19288021283 a composite number?
True
Is 3640110009 a composite number?
True
Is 2666427259 composite?
False
Is 6499295497 composite?
False
Is 94472909 a prime number?
True
Is 188017963 prime?
False
Is 846347599 a composite number?
True
Is 9382131589 a prime number?
False
Is 54277545511 a prime number?
False
Is 2259318119 a composite number?
True
Is 12866740907 a composite number?
True
Is 6990946949 a prime number?
False
Is 539515501451 composite?
False
Is 24424438777 a prime number?
True
Is 12179898779 prime?
True
Is 18341098033 prime?
True
Is 3697699603 composite?
True
Is 2245442543 composite?
True
Is 76124131 composite?
False
Is 37695525991 composite?
False
Is 852136784849 a prime number?
False
Is 11272734131 composite?
False
Is 7098385663 a prime number?
False
Is 56155733087 composite?
True
Is 53291969 a prime number?
False
Is 16334622431 prime?
False
Is 12013035659 prime?
False
Is 599191 a composite number?
False
Is 40071195083 a prime number?
False
Is 13219713953 a prime number?
False
Is 899857009 composite?
False
Is 360000521 a prime number?
True
Is 23850365009 a composite number?
False
Is 2602190287 a prime number?
False
Is 466364345 composite?
True
Is 67599491173 prime?
False
Is 20885606191 composite?
True
Is 23864266379 prime?
False
Is 21942841523 a composite number?
True
Is 4479704161 a prime number?
False
Is 7291198303 prime?
True
Is 4096309469 a composite number?
True
Is 345301387141 a prime number?
False
Is 117533419 prime?
False
Is 3301428161 prime?
True
Is 949096745 a composite number?
True
Is 125278751 composite?
True
Is 201380969 prime?
True
Is 211791311 a prime number?
False
Is 673383929 composite?
False
Is 320831801 prime?
True
Is 1245616997 prime?
True
Is 18671173007 a prime number?
True
Is 4347786503 a composite number?
False
Is 117627871811 prime?
True
Is 4840889615 a composite number?
True
Is 507359414 a composite number?
True
Is 187518269 composite?
False
Is 6571936817 a composite number?
True
Is 10399612409 prime?
True
Is 6928385461 prime?
False
Is 3272490211 a composite number?
False
Is 511039349 a composite number?
False
Is 544510223 a prime number?
True
Is 3464537 a composite number?
False
Is 1593549311 composite?
False
Is 8357631553 a prime number?
False
Is 48352313015 a prime number?
False
Is 526158895 composite?
True
Is 16241631517 a prime number?
True
Is 59516624149 a prime number?
True
Is 18967143527 prime?
True
Is 117577303 a prime number?
False
Is 678060967 a composite number?
False
Is 2050891819 composite?
False
Is 91962794291 prime?
False
Is 6522334451 a composite number?
False
Is 31702818073 a composite number?
False
Is 19214754343 prime?
True
Is 26112286309 composite?
False
Is 2824147951 a composite number?
True
Is 3098229691 a composite number?
False
Is 425390657 a composite number?
False
Is 11629568263 a composite number?
False
Is 13723617049 prime?
True
Is 65843446891 a composite number?
False
Is 240685343 a composite number?
True
Is 67819119479 a composite number?
True
Is 4041621151 composite?
True
Is 1618891507 a prime number?
True
Is 47658187777 a composite number?
False
Is 2614882229 a prime number?
True
Is 820813813 a prime number?
False
Is 7545085069 prime?
True
Is 3077545571 a prime number?
False
Is 95458867 composite?
True
Is 15830770097 a composite number?
False
Is 73277699723 composite?
False
Is 159454169639 a prime number?
True
Is 192882259 composite?
False
Is 59807034541 prime?
False
Is 30119589259 a prime number?
True
Is 1529427511 a composite number?
False
Is 603617074 prime?
False
Is 184052707 composite?
True
Is 405395279 prime?
True
Is 33161469661 a prime number?
False
Is 295140233 a composite number?
False
Is 13820381 prime?
True
Is 12037607903 composite?
False
Is 2796917269 composite?
True
Is 88429250059 prime?
True
Is 123844043 composite?
False
Is 16899885883 composite?
False
Is 13139855819 a prime number?
False
Is 9011472221 prime?
True
Is 23447349451 a composite number?
False
Is 1351766841 composite?
True
Is 4564438381 prime?
False
Is 33627159869 prime?
False
Is 23794942709 prime?
True
Is 988629617 prime?
False
Is 401372857 a prime number?
True
Is 2245402661 prime?
True
Is 11620107479 prime?
True
Is 2979546874 a composite number?
True
Is 117409217 prime?
True
Is 180072359 a composite number?
True
Is 26316973517 composite?
False
Is 808819763 composite?
False
Is 77950798 composite?
True
Is 10187939413 prime?
True
Is 3561672007 a prime number?
True
Is 174665551 composite?
False
Is 8892328139 composite?
False
Is 4488670479 prime?
False
Is 113286367219 composite?
False
Is 48781744301 a composite number?
True
Is 5134624939 prime?
False
Is 2881703369 prime?
True
Is 83600333 a composite number?
False
Is 412012709 prime?
True
Is 3405992641 composite?
False
Is 607963321 composite?
True
Is 24778733747 composite?
True
Is 33828149 a prime number?
True
Is 88054061555 a prime number?
False
Is 147975600953 prime?
False
Is 5392472999 a prime number?
True
Is 37204638833 composite?
False
Is 18014763587 a composite number?
True
Is 1679829733 a prime number?
False
Is 5178256549 a prime number?
True
Is 4785560321 a composite number?
False
Is 589919531 a prime number?
True
Is 2653970629 composite?
False
Is 96384241 a prime number?
False
Is 3293101151 prime?
True
Is 30630205 a composite number?
True
Is 3437740067 a prime number?
True
Is 974644091 prime?
False
Is 5168006713 composite?
False
Is 45015234877 a prime number?
True
Is 4065063969 prime?
False
Is 755671863 prime?
False
Is 37581180859 a composite number?
True
Is 415376896827 prime?
False
Is 66356831573 a composite number?
False
Is 10795257731 a composite number?
False
Is 49288334831 a prime number?
True
Is 46680908507 a composite number?
True
Is 5828681741 a composite number?
False
Is 72126979919 a prime number?
False
Is 113090206387 a composite number?
True
Is 65800002535 a prime number?
False
Is 922772797 composite?
True
Is 331764317 composite?
False
Is 45200835377 a prime number?
True
Is 84146890453 prime?
True
Is 3848861311 a composite number?
False
Is 516424457 a prime number?
True
Is 25547692909 prime?
False
Is 11413290389 composite?
False
Is 94878269 prime?
True
Is 18682627777 prime?
False
Is 4154587909 composite?
False
Is 6267472969 a prime number?
True
Is 5028902299 a prime number?
False
Is 10282361489 prime?
True
Is 212013271 composite?
True
Is 1109789011 prime?
False
Is 209242022467 a composite number?
False
Is 34810535059 prime?
False
Is 104414303 prime?
False
Is 141598253 prime?
False
Is 12050415161 a prime number?
False
Is 75206556851 a composite number?
True
Is 393928807 prime?
False
Is 1660653101 composite?
False
Is 13998119441 composite?
False
Is 7328292941 composite?
False
Is 1316743627 a composite number?
False
Is 4035635141 composite?
False
Is 5792872367 prime?
True
Is 5122986883 prime?
False
Is 1783426517 a prime number?
False
Is 152394271 composite?
False
Is 161206489 a composite number?
True
Is 2591440171 a prime number?
False
Is 6028204019 composite?
False
Is 144030702701 composite?
True
Is 878869051 composite?
True
Is 1131400757 a prime number?
False
Is 58732761317 a composite number?
False
Is 1431036017 prime?
True
Is 162260745065 a prime number?
False
Is 175876521445 a composite number?
True
Is 1366577 a prime number?
True
Is 350217769 a composite number?
True
Is 6150743879 a composite number?
True
Is 4899870871 composite?
True
Is 28726967891 compos